{"id":5888,"date":"2021-01-15T21:14:31","date_gmt":"2021-01-15T21:14:31","guid":{"rendered":"https:\/\/keliaukregione.lt\/?page_id=5888"},"modified":"2025-02-16T19:06:20","modified_gmt":"2025-02-16T19:06:20","slug":"marijampoles-seniunija","status":"publish","type":"page","link":"https:\/\/keliaukregione.lt\/?page_id=5888","title":{"rendered":"Marijampol\u0117s seni\u016bnija"},"content":{"rendered":"\t\t<div data-elementor-type=\"wp-page\" data-elementor-id=\"5888\" class=\"elementor elementor-5888\">\n\t\t\t\t\t\t<section class=\"elementor-section elementor-top-section elementor-element elementor-element-97ba0b7 elementor-section-boxed elementor-section-height-default elementor-section-height-default\" data-id=\"97ba0b7\" data-element_type=\"section\">\n\t\t\t\t\t\t<div class=\"elementor-container elementor-column-gap-default\">\n\t\t\t\t\t<div class=\"elementor-column elementor-col-100 elementor-top-column elementor-element elementor-element-0cc2799\" data-id=\"0cc2799\" data-element_type=\"column\">\n\t\t\t<div class=\"elementor-widget-wrap elementor-element-populated\">\n\t\t\t\t\t\t<div class=\"elementor-element elementor-element-a21125a elementor-widget elementor-widget-heading\" data-id=\"a21125a\" data-element_type=\"widget\" data-widget_type=\"heading.default\">\n\t\t\t\t<div class=\"elementor-widget-container\">\n\t\t\t\t\t<h1 class=\"elementor-heading-title elementor-size-default\">Marijampol\u0117s seni\u016bnija<\/h1>\t\t\t\t<\/div>\n\t\t\t\t<\/div>\n\t\t\t\t\t<\/div>\n\t\t<\/div>\n\t\t\t\t\t<\/div>\n\t\t<\/section>\n\t\t\t\t<section class=\"elementor-section elementor-top-section elementor-element elementor-element-05438fa elementor-section-full_width elementor-section-height-default elementor-section-height-default\" data-id=\"05438fa\" data-element_type=\"section\">\n\t\t\t\t\t\t<div class=\"elementor-container elementor-column-gap-default\">\n\t\t\t\t\t<div class=\"elementor-column elementor-col-100 elementor-top-column elementor-element elementor-element-6cc73ef\" data-id=\"6cc73ef\" data-element_type=\"column\">\n\t\t\t<div class=\"elementor-widget-wrap elementor-element-populated\">\n\t\t\t\t\t\t<div class=\"elementor-element elementor-element-42c5416 elementor-widget elementor-widget-video\" data-id=\"42c5416\" data-element_type=\"widget\" data-settings=\"{&quot;youtube_url&quot;:&quot;https:\\\/\\\/youtu.be\\\/M_ufKNSlMQM&quot;,&quot;video_type&quot;:&quot;youtube&quot;,&quot;controls&quot;:&quot;yes&quot;}\" data-widget_type=\"video.default\">\n\t\t\t\t<div class=\"elementor-widget-container\">\n\t\t\t\t\t\t\t<div class=\"elementor-wrapper elementor-open-inline\">\n\t\t\t<div class=\"elementor-video\"><\/div>\t\t<\/div>\n\t\t\t\t\t\t<\/div>\n\t\t\t\t<\/div>\n\t\t\t\t\t<\/div>\n\t\t<\/div>\n\t\t\t\t\t<\/div>\n\t\t<\/section>\n\t\t\t\t<section class=\"elementor-section elementor-top-section elementor-element elementor-element-d35f2a5 elementor-section-boxed elementor-section-height-default elementor-section-height-default\" data-id=\"d35f2a5\" data-element_type=\"section\">\n\t\t\t\t\t\t<div class=\"elementor-container elementor-column-gap-default\">\n\t\t\t\t\t<div class=\"elementor-column elementor-col-100 elementor-top-column elementor-element elementor-element-cfb9805\" data-id=\"cfb9805\" data-element_type=\"column\">\n\t\t\t<div class=\"elementor-widget-wrap elementor-element-populated\">\n\t\t\t\t\t\t<div class=\"elementor-element elementor-element-f0ffaed elementor-widget elementor-widget-heading\" data-id=\"f0ffaed\" data-element_type=\"widget\" data-widget_type=\"heading.default\">\n\t\t\t\t<div class=\"elementor-widget-container\">\n\t\t\t\t\t<h2 class=\"elementor-heading-title elementor-size-default\">Marijampol\u0117s seni\u016bnijos herbas ir teritorija<\/h2>\t\t\t\t<\/div>\n\t\t\t\t<\/div>\n\t\t\t\t\t<\/div>\n\t\t<\/div>\n\t\t\t\t\t<\/div>\n\t\t<\/section>\n\t\t\t\t<section class=\"elementor-section elementor-top-section elementor-element elementor-element-9558c7a elementor-section-boxed elementor-section-height-default elementor-section-height-default\" data-id=\"9558c7a\" data-element_type=\"section\">\n\t\t\t\t\t\t<div class=\"elementor-container elementor-column-gap-default\">\n\t\t\t\t\t<div class=\"elementor-column elementor-col-100 elementor-top-column elementor-element elementor-element-b5cf104\" data-id=\"b5cf104\" data-element_type=\"column\">\n\t\t\t<div class=\"elementor-widget-wrap elementor-element-populated\">\n\t\t\t\t\t\t<div class=\"elementor-element elementor-element-f59f2a4 elementor-widget elementor-widget-image\" data-id=\"f59f2a4\" data-element_type=\"widget\" data-widget_type=\"image.default\">\n\t\t\t\t<div class=\"elementor-widget-container\">\n\t\t\t\t\t\t\t\t\t\t\t\t\t\t\t<img fetchpriority=\"high\" decoding=\"async\" width=\"950\" height=\"534\" src=\"https:\/\/keliaukregione.lt\/wp-content\/uploads\/2023\/07\/Seniunijos-foto-Marijampole-1024x576.png\" class=\"attachment-large size-large wp-image-7072\" alt=\"\" srcset=\"https:\/\/keliaukregione.lt\/wp-content\/uploads\/2023\/07\/Seniunijos-foto-Marijampole-1024x576.png 1024w, https:\/\/keliaukregione.lt\/wp-content\/uploads\/2023\/07\/Seniunijos-foto-Marijampole-300x169.png 300w, https:\/\/keliaukregione.lt\/wp-content\/uploads\/2023\/07\/Seniunijos-foto-Marijampole-768x432.png 768w, https:\/\/keliaukregione.lt\/wp-content\/uploads\/2023\/07\/Seniunijos-foto-Marijampole-1536x864.png 1536w, https:\/\/keliaukregione.lt\/wp-content\/uploads\/2023\/07\/Seniunijos-foto-Marijampole-2048x1152.png 2048w, https:\/\/keliaukregione.lt\/wp-content\/uploads\/2023\/07\/Seniunijos-foto-Marijampole-2000x1125.png 2000w, https:\/\/keliaukregione.lt\/wp-content\/uploads\/2023\/07\/Seniunijos-foto-Marijampole-600x338.png 600w, https:\/\/keliaukregione.lt\/wp-content\/uploads\/2023\/07\/Seniunijos-foto-Marijampole-1200x675.png 1200w\" sizes=\"100vw\" \/>\t\t\t\t\t\t\t\t\t\t\t\t\t\t\t<\/div>\n\t\t\t\t<\/div>\n\t\t\t\t\t<\/div>\n\t\t<\/div>\n\t\t\t\t\t<\/div>\n\t\t<\/section>\n\t\t\t\t<section class=\"elementor-section elementor-top-section elementor-element elementor-element-8cf6b4a elementor-section-boxed elementor-section-height-default elementor-section-height-default\" data-id=\"8cf6b4a\" data-element_type=\"section\">\n\t\t\t\t\t\t<div class=\"elementor-container elementor-column-gap-default\">\n\t\t\t\t\t<div class=\"elementor-column elementor-col-100 elementor-top-column elementor-element elementor-element-98585ab\" data-id=\"98585ab\" data-element_type=\"column\">\n\t\t\t<div class=\"elementor-widget-wrap elementor-element-populated\">\n\t\t\t\t\t\t<div class=\"elementor-element elementor-element-37f2bd4 elementor-tabs-view-horizontal elementor-widget elementor-widget-tabs\" data-id=\"37f2bd4\" data-element_type=\"widget\" data-widget_type=\"tabs.default\">\n\t\t\t\t<div class=\"elementor-widget-container\">\n\t\t\t\t\t\t\t<div class=\"elementor-tabs\">\n\t\t\t<div class=\"elementor-tabs-wrapper\" role=\"tablist\" >\n\t\t\t\t\t\t\t\t\t<div id=\"elementor-tab-title-5861\" class=\"elementor-tab-title elementor-tab-desktop-title\" aria-selected=\"true\" data-tab=\"1\" role=\"tab\" tabindex=\"0\" aria-controls=\"elementor-tab-content-5861\" aria-expanded=\"false\">Marijampol\u0117s seni\u016bnija<\/div>\n\t\t\t\t\t\t\t\t\t<div id=\"elementor-tab-title-5862\" class=\"elementor-tab-title elementor-tab-desktop-title\" aria-selected=\"false\" data-tab=\"2\" role=\"tab\" tabindex=\"-1\" aria-controls=\"elementor-tab-content-5862\" aria-expanded=\"false\">Atributika<\/div>\n\t\t\t\t\t\t\t\t\t<div id=\"elementor-tab-title-5863\" class=\"elementor-tab-title elementor-tab-desktop-title\" aria-selected=\"false\" data-tab=\"3\" role=\"tab\" tabindex=\"-1\" aria-controls=\"elementor-tab-content-5863\" aria-expanded=\"false\">Kult\u016bra<\/div>\n\t\t\t\t\t\t\t\t\t<div id=\"elementor-tab-title-5864\" class=\"elementor-tab-title elementor-tab-desktop-title\" aria-selected=\"false\" data-tab=\"4\" role=\"tab\" tabindex=\"-1\" aria-controls=\"elementor-tab-content-5864\" aria-expanded=\"false\">Lankytinos vietos ir paminklai<\/div>\n\t\t\t\t\t\t\t\t\t<div id=\"elementor-tab-title-5865\" class=\"elementor-tab-title elementor-tab-desktop-title\" aria-selected=\"false\" data-tab=\"5\" role=\"tab\" tabindex=\"-1\" aria-controls=\"elementor-tab-content-5865\" aria-expanded=\"false\">\u012e\u017eym\u016bs \u017emon\u0117s<\/div>\n\t\t\t\t\t\t\t\t\t<div id=\"elementor-tab-title-5866\" class=\"elementor-tab-title elementor-tab-desktop-title\" aria-selected=\"false\" data-tab=\"6\" role=\"tab\" tabindex=\"-1\" aria-controls=\"elementor-tab-content-5866\" aria-expanded=\"false\">Seni\u016bnijos gyvenamosios vietov\u0117s<\/div>\n\t\t\t\t\t\t\t<\/div>\n\t\t\t<div class=\"elementor-tabs-content-wrapper\" role=\"tablist\" aria-orientation=\"vertical\">\n\t\t\t\t\t\t\t\t\t<div class=\"elementor-tab-title elementor-tab-mobile-title\" aria-selected=\"true\" data-tab=\"1\" role=\"tab\" tabindex=\"0\" aria-controls=\"elementor-tab-content-5861\" aria-expanded=\"false\">Marijampol\u0117s seni\u016bnija<\/div>\n\t\t\t\t\t<div id=\"elementor-tab-content-5861\" class=\"elementor-tab-content elementor-clearfix\" data-tab=\"1\" role=\"tabpanel\" aria-labelledby=\"elementor-tab-title-5861\" tabindex=\"0\" hidden=\"false\"><p style=\"text-align: justify;\">Seni\u016bnijos centras \u012fsik\u016br\u0119s Marijampol\u0117s mieste, kuris \u012f seni\u016bnijos teritorij\u0105 ne\u012feina. Seni\u016bnijoje yra 72 gyvenamosios vietov\u0117s. Didesn\u0117s i\u0161 j\u0173 &#8211; Pata\u0161in\u0117 (965 gyventojai), Traki\u0161kiai (647 gyventojai), Baragin\u0117 (643 gyventojai), Me\u0161ku\u010diai (520 gyventoj\u0173), Kumelionys (502 gyventojai), Skais\u010di\u016bnai (473 gyventojai), Balsupiai (452 gyventojai), Valavi\u010diai (364 gyventojai), Igli\u0161k\u0117liai (354 gyventojai), Triobi\u0161kiai (289 gyventojai). I\u0161 viso Marijampol\u0117s seni\u016bnijoje yra 6,8 t\u016bkst. gyventoj\u0173. Seni\u016bnijos plotas &#8211; 18722 ha, i\u0161 j\u0173 138,7 ha u\u017eima mi\u0161kai, 15692,1 ha &#8211; \u017eem\u0117s \u016bkio naudmenos, 288,7 &#8211; vandenys ir kitos paskirties plotai.<\/p><p style=\"text-align: justify;\"><strong>Seni\u016bnijos adresas<\/strong><br \/>Marijampol\u0117, Lietuvinink\u0173 g. 18<br \/>Tel.\u00a0 (8 343)\u00a0 50 628<br \/>El. p. <a href=\"mailto:%6d%61%72%69%6a%61%6d%70%6f%6c%65%73%2e%73%65%6e%40%6d%61%72%69%6a%61%6d%70%6f%6c%65%2e%6c%74\">marijampoles.sen@marijampole.lt<\/a><\/p><p style=\"text-align: justify;\"><strong>Geografija ir gamta<\/strong> <br \/>Marijampol\u0117s seni\u016bnija &#8211; bene viena ilgiausi\u0173 savivaldyb\u0117je. Vakarin\u0117 jos dalis ribojasi su Vilkavi\u0161kio rajonu, o rytin\u0117 su Igliaukos seni\u016bnija. Per seni\u016bnij\u0105 eina keliai Kybartai-Vilnius ir Marijampol\u0117-Kalvarija bei gele\u017einkelis Kaunas-Alytus, taip pat automagistral\u0117 \u201eVia Baltica&#8221;, planuojama tiesti europin\u0117s v\u0117\u017e\u0117s gele\u017einkelis \u0160e\u0161tokai-Kaunas.<br \/>Per seni\u016bnij\u0105 teka \u0160e\u0161up\u0117, \u012f j\u0105 \u012fteka S\u016bduonia ir Gulbinas. Pietrytin\u0117je seni\u016bnijos dalyje plyti Amalvos pelk\u0117 &#8211; botaninis-zoologinis draustinis. \u0160i pelk\u0117 susidar\u0117 u\u017e\u017e\u0117lus ledynin\u0117s kilm\u0117s e\u017eerui. I\u0161 jo dabar telik\u0119s \u0161iaur\u0117s rytin\u0117je pelk\u0117s dalyje esantis Amalvos e\u017eeras &#8211; seklus ir sunkai prieinamas. \u012e Amalv\u0105 \u012fteka \u0160irvantos up\u0117.<br \/>Prie Balsupi\u0173, u\u017etvenkus Rausv\u0119, tyvuliuoja nema\u017eas tvenkinys (18,4 ha). Be \u0161io dar yra 4 ma\u017eesni tvenkiniai Valavi\u010diuose, Pas\u016bduon\u0117je ir Igli\u0161k\u0117liuose.<\/p><p style=\"text-align: justify;\"><strong>Istorija <\/strong><br \/>Pasak Akiro-Bir\u017eio, \u201eprie\u0161 kar\u0105 (Pirm\u0105j\u012f pasaulin\u012f &#8211; past.), rus\u0173 valdymo laikais, Marijampol\u0117s vals\u010diaus visai nebuvo&#8221;. Dalis apylink\u0117s gyventoj\u0173 priklaus\u0117 Kvieti\u0161kio, kita dalis &#8211; \u0160unsk\u0173 gminai. V\u0117liau, Lietuvai paskelbus nepriklausomyb\u0119, gminos buvo reorganizuotos \u012f Kvieti\u0161kio ir \u0160unsk\u0173 vals\u010dius, kurie 1931 m. buvo sujungti. Naujasis Marijampol\u0117s vals\u010dius u\u017e\u0117m\u0117 19153,98 ha \u017eem\u0117s ir apie 2000 ha valstybinio mi\u0161ko plot\u0105. Jame gyveno apie 10000 \u017emoni\u0173.<br \/>Po Antrojo pasaulinio karo egzistavo Marijampol\u0117s ir Igli\u0161k\u0117li\u0173 vals\u010diai, kurie v\u0117liau buvo reorganizuoti \u012f daug smulki\u0173 apylinki\u0173. 1960 m. apylink\u0117s buvo stambinamos ir dabartin\u0117je seni\u016bnijoje liko tik dvi &#8211; Traki\u0161ki\u0173 ir Me\u0161ku\u010di\u0173. Jos sujungtos 1988 metais.<br \/>4 km. \u012f vakarus nuo Igli\u0161k\u0117li\u0173 seniau b\u016bta Javaravo dvaro. \u0160iame dvare buvo ir gminos centras, v\u0117liau persik\u0117l\u0119s \u012f Igli\u0161k\u0117lius. 1918 m. Igli\u0161k\u0117liuose \u012fsteigtas vals\u010dius dar vadinosi Javaravo dvaru. Jau 1871 m. Igli\u0161k\u0117liuose buvo prad\u017eios mokykla, kuri\u0105 1918 m. laik\u0117 85 mokiniai. 1920 m. prie pat Igli\u0161k\u0117li\u0173, Patil\u010diuose, \u012fsteigta nauja parapija. 1923 m. Igli\u0161k\u0117liuose buvo 35 sodybos ir 238 gyventojai, o 1959 m. 235. Pokario metais apylink\u0117se aktyviai veik\u0117 Lietuvos partizanai.<br \/>Pata\u0161in\u0117s kaime 1923 m. buvo 40 \u016bki\u0173 ir 286 gyventojai. 1940 m. \u010dia buvo \u012fsteigta parapija, kuriai priklaus\u0117 10 dideli\u0173 kaim\u0173. Pastatyta ir nedidel\u0117 ba\u017enyt\u0117l\u0117, ta\u010diau po Antrojo pasaulinio karo ji konfiskuota.<br \/>Balsupi\u0173 kaimas pirm\u0105 kart\u0105 pamin\u0117tas Laukeni\u0161ki\u0173 ba\u017eny\u010dios metrikuose 1632 m. Per kaim\u0105 teka Bals\u0117s upelis (Rausv\u0117s intakas), i\u0161 kurio pavadinimo kildinamas ir kaimo pavadinimas. Archeologini\u0173 tyrin\u0117jim\u0173 metu (1994 m.) nustatyta, kad Balsupiai jau 1680-1700 m. tur\u0117jo savo kapinaites. 1910 metais Balsupiuose atidaryta pradin\u0117 mokykla, o 1914 m. &#8211; Marijampol\u0117s \u016bkinink\u0173 draugijos skyrius. 1950 m. \u010dia atidarytas klubas &#8211; sekly\u010dia, 1951 m. &#8211; biblioteka. 1965 m. Balsupiuose pastatyta gyvenviet\u0117.<br \/>Baragin\u0117s kaimas minimas 1783 m., kai Vilniaus vyskupas Ignacijus Masalskis priskyr\u0117 j\u012f naujai \u012fkurtai Marijampol\u0117s parapijai. Kaimo vardas kildinamas nuo ka\u017ekada \u010dia tek\u0117jusio Beragio upelio.<\/p><p style=\"text-align: justify;\">Seni\u016bnijoje yra 4 pa\u0161tai, 13 autobus\u0173 stoteli\u0173, 1 hipodromas, 2 gele\u017einkelio stotel\u0117s. Seni\u016bnijoje veikia: 6 pradin\u0117s mokyklos, 4 pagrindin\u0117s mokyklos, 7 bibliotekos, 5 medicinos punktai, 13 parduotuvi\u0173, 2 kavin\u0117s, 3 kult\u016bros namai, 1 vaik\u0173 dar\u017eelis, 3 ba\u017eny\u010dios (Patil\u010di\u0173, Pata\u0161in\u0117s ir Skardupi\u0173).<\/p><\/div>\n\t\t\t\t\t\t\t\t\t<div class=\"elementor-tab-title elementor-tab-mobile-title\" aria-selected=\"false\" data-tab=\"2\" role=\"tab\" tabindex=\"-1\" aria-controls=\"elementor-tab-content-5862\" aria-expanded=\"false\">Atributika<\/div>\n\t\t\t\t\t<div id=\"elementor-tab-content-5862\" class=\"elementor-tab-content elementor-clearfix\" data-tab=\"2\" role=\"tabpanel\" aria-labelledby=\"elementor-tab-title-5862\" tabindex=\"0\" hidden=\"hidden\"><p>Atributikos Marijampol\u0117s seni\u016bnija \u0161iuo metu neturi.<\/p><\/div>\n\t\t\t\t\t\t\t\t\t<div class=\"elementor-tab-title elementor-tab-mobile-title\" aria-selected=\"false\" data-tab=\"3\" role=\"tab\" tabindex=\"-1\" aria-controls=\"elementor-tab-content-5863\" aria-expanded=\"false\">Kult\u016bra<\/div>\n\t\t\t\t\t<div id=\"elementor-tab-content-5863\" class=\"elementor-tab-content elementor-clearfix\" data-tab=\"3\" role=\"tabpanel\" aria-labelledby=\"elementor-tab-title-5863\" tabindex=\"0\" hidden=\"hidden\"><p>Marijampol\u0117s seni\u016bnijoje yra ne viena stipri kaimo bendruomen\u0117. Jos organizuoja tradicines \u0161ventes, renginius, bendruomen\u0117se yra ne vienas aktyvus ansamblis.<\/p><p>2023 metai Marijampol\u0117s seni\u016bnijai kult\u016bros srityje yra labai svarb\u016bs, nes Baragin\u0117s kaimas tapo 2023 met\u0173 Ma\u017eaja kult\u016bros sostine, kurioje organizuojamas ne vienas kult\u016brinis renginys, parodos ir kiti renginiai.<\/p><\/div>\n\t\t\t\t\t\t\t\t\t<div class=\"elementor-tab-title elementor-tab-mobile-title\" aria-selected=\"false\" data-tab=\"4\" role=\"tab\" tabindex=\"-1\" aria-controls=\"elementor-tab-content-5864\" aria-expanded=\"false\">Lankytinos vietos ir paminklai<\/div>\n\t\t\t\t\t<div id=\"elementor-tab-content-5864\" class=\"elementor-tab-content elementor-clearfix\" data-tab=\"4\" role=\"tabpanel\" aria-labelledby=\"elementor-tab-title-5864\" tabindex=\"0\" hidden=\"hidden\"><ul><li>Balsupi\u0173 kaime yra akmens am\u017eiaus stovykla &#8211; archeologijos paminklas. \u010cia rastas raginis kaltelis, dalis \u017eeberklo, akmens kirvukas.<\/li><li>Netoli nuo \u0161ios vietos yra dar vienas archeologijas paminklas &#8211; akmuo su \u017emogaus p\u0117dos \u012fspaudu ir \u012fvairiais \u017eenklais.<\/li><li>Senosiose Me\u0161ku\u010di\u0173 kapin\u0117se dar 1930 m. pastatytas paminklas Vytautui Did\u017eiajam.<\/li><li>Balsupi\u0173 kaime 1998 m. atidengtas paminklas ir broliams Bielskams.<\/li><li>Istorijos paminklai yra ir Skardupi\u0173 ba\u017eny\u010dia bei klebonija, kurioje po Antrojo pasaulinio karo veik\u0117 Lietuvos \u201eTauro&#8221; apygardos \u0161tabas.<\/li><li>Marijampolie\u010diai gausiai renkasi \u012f SP UAB \u201eMarijampol\u0117s \u017eirgynas&#8221; vykstan\u010dias var\u017eybas bei \u0161ventes.<\/li><li>Pata\u0161in\u0117je \u0160v.Kry\u017eiaus ba\u017eny\u010dia.<\/li><li>Koplytstulpis kelyje Marijampol\u0117 &#8211; Traki\u0161kiai.<\/li><li>Paminklas partizanui Jonui Lapatai-Giedriui.<\/li><li>2023 metais Baragin\u0117s kaimas tapo Lietuvos ma\u017e\u0105ja kult\u016bros sostine, gyvenviet\u0117je rasite ne vien\u0105 paminkl\u0105, skulpt\u016bra ir kry\u017ei\u0173.<\/li><li>Prie Baragin\u0117s yra Baragin\u0117s tvenkinys.<\/li><li>Balsupiai pasitinka su jaukiu Balsupi\u0173 tvenkiniu, \u010dia yra pelk\u0117 Galubalis. Kaime taip pat yra paminkl\u0173 ir kult\u016bros paveldo objekt\u0173.<\/li><li>Valavi\u010di\u0173 kaime yra keli tvenkiniai bei skulpt\u016bros.<\/li><li>\u017duvinto biosferos draustinio dalyje, esan\u010dioje Marijampol\u0117s seni\u016bnijoje yra Amalvos pa\u017eintinis takas.<\/li><li>Patil\u010di\u0173 kaime yra \u0160v. Petro i\u0161vadavimo ba\u017eny\u010dia, o \u0161alia esan\u010diame Igli\u0161k\u0117li\u0173 kaime vyksta bendruomeniniai renginiai.<\/li><\/ul><\/div>\n\t\t\t\t\t\t\t\t\t<div class=\"elementor-tab-title elementor-tab-mobile-title\" aria-selected=\"false\" data-tab=\"5\" role=\"tab\" tabindex=\"-1\" aria-controls=\"elementor-tab-content-5865\" aria-expanded=\"false\">\u012e\u017eym\u016bs \u017emon\u0117s<\/div>\n\t\t\t\t\t<div id=\"elementor-tab-content-5865\" class=\"elementor-tab-content elementor-clearfix\" data-tab=\"5\" role=\"tabpanel\" aria-labelledby=\"elementor-tab-title-5865\" tabindex=\"0\" hidden=\"hidden\"><ul><li>Balsupiuose yra gim\u0119 broliai Bielskai: knygne\u0161ys Vincas ir kunigas profesorius Pijus. Jie 1940 m. V.Bielskaus sodyboje pasl\u0117p\u0117 Lietuvos Nepriklausomyb\u0117s akto original\u0105, kurio, v\u0117liau, deja, nepavyko rasti.<\/li><li>I\u0161 \u0161io kra\u0161to kil\u0119 ir redaktorius, mokytojas, Steigiamojo Seimo narys V.Natkevi\u010dius bei vyskupas P.Brazys.<\/li><li>Baragin\u0117s apylink\u0117se gim\u0117 pedagogikos moksl\u0173 profesorius K.\u017dukauskas bei \u201eTitaniko&#8221; katastrofoje paskend\u0119s kunigas J.Montvila.<\/li><\/ul><p><strong>I\u0161 Pata\u0161in\u0117s apylinki\u0173 kil\u0119:<\/strong><\/p><ul><li>Istorikas, kanauninkas A.Steponaitis;<\/li><li>Pulkininkas A.Po\u0161kevi\u010dius.<\/li><\/ul><p><strong>Igli\u0161k\u0117li\u0173 apylink\u0117se gim\u0117:<\/strong><\/p><ul><li>Generolas J.Bulota;<\/li><li>Advokatas A.Bulota.<\/li><li>Kur\u012f laik\u0105 Igli\u0161k\u0117liuose gyveno ir prad\u017eios mokykl\u0105 baig\u0117 prelatas M.Krupavi\u010dius.<\/li><\/ul><\/div>\n\t\t\t\t\t\t\t\t\t<div class=\"elementor-tab-title elementor-tab-mobile-title\" aria-selected=\"false\" data-tab=\"6\" role=\"tab\" tabindex=\"-1\" aria-controls=\"elementor-tab-content-5866\" aria-expanded=\"false\">Seni\u016bnijos gyvenamosios vietov\u0117s<\/div>\n\t\t\t\t\t<div id=\"elementor-tab-content-5866\" class=\"elementor-tab-content elementor-clearfix\" data-tab=\"6\" role=\"tabpanel\" aria-labelledby=\"elementor-tab-title-5866\" tabindex=\"0\" hidden=\"hidden\"><table border=\"0\" cellspacing=\"0\" cellpadding=\"0\"><tbody><tr><td><ul><li>Adomi\u0161ki\u0173 k.<\/li><li>Aleksandravo k.<\/li><li>Bajarsk\u0173 k.<\/li><li>Balsupi\u0173 k.<\/li><li>Bankavos k.<\/li><li>Baragin\u0117s k.<\/li><li>Bieli\u016bni\u0161ki\u0173 k.<\/li><li>Bukoni\u0173 k.<\/li><li>\u010ciuoderi\u0161ki\u0173 k.<\/li><li>Dambavos k.<\/li><li>Dambraukos k.<\/li><li>Dambuvkos k.<\/li><li>Dybakalnio k.<\/li><li>Gele\u017eini\u0173 k.<\/li><li>Grabavos k.<\/li><li>Gudin\u0117s k.<\/li><li>Gulbini\u0161ki\u0173 k.<\/li><li>Igli\u0161k\u0117li\u0173 k.<\/li><li>Igli\u0161k\u0117li\u0173 mstl.<\/li><li>Kancavos k.<\/li><li>Karalenk\u0117s k<\/li><li>Kermu\u0161in\u0117s k<\/li><li>Kirm\u0117lin\u0117s k.<\/li><li>Ki\u017ei\u0173 k.<\/li><li>Kukti\u0161ki\u0173 k.<\/li><li>Kukt\u0173 k.<\/li><li>Kumelioni\u0173 k.<\/li><li>Medeli\u0161ki\u0173 k.<\/li><li>Me\u0161k\u0117n\u0173 k.<\/li><li>Me\u0161ku\u010di\u0173 k.<\/li><li>Mikalin\u0117s k.<\/li><li>Mil\u010di\u0161ki\u0173 k.<\/li><li>Nendrini\u0161ki\u0173 k.<\/li><li>O\u017ekasvili\u0173 k.<\/li><li>Pabaig\u0173 k.<\/li><\/ul><\/td><td><ul><li>Pacent\u0173 k.<\/li><li>Paiki\u0161ki\u0173 k.<\/li><li>Pajiesio k.<\/li><li>Paluobi\u0161ki\u0173 k.<\/li><li>Panausupio k.<\/li><li>Pas\u016bduon\u0117s k.<\/li><li>Pata\u0161in\u0117s k.<\/li><li>Patil\u010di\u0173 k.<\/li><li>Pazenkavos k.<\/li><li>Pietari\u0173 k.<\/li><li>Putri\u0161ki\u0173 k.<\/li><li>Pridotk\u0173 k.<\/li><li>Ringov\u0117l\u0117s k.<\/li><li>Rudi\u0161ki\u0173 k.<\/li><li>Siberijos k.<\/li><li>Skais\u010di\u016bn\u0173 k.<\/li><li>Skardupi\u0173 k.<\/li><li>Skriaudu\u010dio k.<\/li><li>Steini\u0161ki\u0173 k.<\/li><li>Steponi\u0161ki\u0173 k.<\/li><li>Svetlicos k.<\/li><li>\u0160irvyd\u0173 k.<\/li><li>Turgalaukio k.<\/li><li>Traki\u0161ki\u0173 k.<\/li><li>Triobi\u0161ki\u0173 k.<\/li><li>Ungurin\u0117s k.<\/li><li>Uosin\u0117s k.<\/li><li>Uosupio k.<\/li><li>U\u017ekir\u010di\u0173 k.<\/li><li>U\u017eupi\u0173 k.<\/li><li>Valavi\u010di\u0173 k.<\/li><li>Vidgiri\u0173 k.<\/li><li>Zuiki\u0161ki\u0173 k.<\/li><li>\u017dydroni\u0173 k.<\/li><\/ul><\/td><\/tr><\/tbody><\/table><\/div>\n\t\t\t\t\t\t\t<\/div>\n\t\t<\/div>\n\t\t\t\t\t\t<\/div>\n\t\t\t\t<\/div>\n\t\t\t\t\t<\/div>\n\t\t<\/div>\n\t\t\t\t\t<\/div>\n\t\t<\/section>\n\t\t\t\t<section class=\"elementor-section elementor-top-section elementor-element elementor-element-e28a4e2 elementor-section-boxed elementor-section-height-default elementor-section-height-default\" data-id=\"e28a4e2\" data-element_type=\"section\">\n\t\t\t\t\t\t<div class=\"elementor-container elementor-column-gap-default\">\n\t\t\t\t\t<div class=\"elementor-column elementor-col-100 elementor-top-column elementor-element elementor-element-09d897c\" data-id=\"09d897c\" data-element_type=\"column\">\n\t\t\t<div class=\"elementor-widget-wrap elementor-element-populated\">\n\t\t\t\t\t\t<div class=\"elementor-element elementor-element-35afa4c elementor-widget elementor-widget-text-editor\" data-id=\"35afa4c\" data-element_type=\"widget\" data-widget_type=\"text-editor.default\">\n\t\t\t\t<div class=\"elementor-widget-container\">\n\t\t\t\t\t\t\t\t\t<p>Informacijos \u0161altinis:<\/p><p><a href=\"https:\/\/www.marijampole.lt\/savivaldybe\/seniunijos\/marijampoles-seniunija\/326\" target=\"_blank\" rel=\"noopener\">www.marijampole.lt (Marijampol\u0117s seni\u016bnija)<\/a><\/p>\t\t\t\t\t\t\t\t<\/div>\n\t\t\t\t<\/div>\n\t\t\t\t\t<\/div>\n\t\t<\/div>\n\t\t\t\t\t<\/div>\n\t\t<\/section>\n\t\t\t\t<\/div>\n\t\t","protected":false},"excerpt":{"rendered":"<p>Marijampol\u0117s seni\u016bnija Marijampol\u0117s seni\u016bnijos herbas ir teritorija Marijampol\u0117s seni\u016bnija Atributika Kult\u016bra Lankytinos vietos ir paminklai \u012e\u017eym\u016bs \u017emon\u0117s Seni\u016bnijos gyvenamosios vietov\u0117s Marijampol\u0117s seni\u016bnija Seni\u016bnijos centras \u012fsik\u016br\u0119s Marijampol\u0117s mieste, kuris \u012f seni\u016bnijos teritorij\u0105 ne\u012feina. Seni\u016bnijoje yra 72 gyvenamosios vietov\u0117s. Didesn\u0117s i\u0161 j\u0173 &#8211; Pata\u0161in\u0117 (965 gyventojai), Traki\u0161kiai (647 gyventojai), Baragin\u0117 (643 gyventojai), Me\u0161ku\u010diai (520 gyventoj\u0173), Kumelionys (502 &hellip; <\/p>\n<p class=\"link-more\"><a href=\"https:\/\/keliaukregione.lt\/?page_id=5888\" class=\"more-link\">Read more<span class=\"screen-reader-text\"> &#8220;Marijampol\u0117s seni\u016bnija&#8221;<\/span><\/a><\/p>\n","protected":false},"author":1,"featured_media":0,"parent":0,"menu_order":0,"comment_status":"closed","ping_status":"closed","template":"elementor_header_footer","meta":{"ngg_post_thumbnail":0,"footnotes":""},"class_list":["post-5888","page","type-page","status-publish","hentry"],"featured_media_urls":[],"_links":{"self":[{"href":"https:\/\/keliaukregione.lt\/index.php?rest_route=\/wp\/v2\/pages\/5888","targetHints":{"allow":["GET"]}}],"collection":[{"href":"https:\/\/keliaukregione.lt\/index.php?rest_route=\/wp\/v2\/pages"}],"about":[{"href":"https:\/\/keliaukregione.lt\/index.php?rest_route=\/wp\/v2\/types\/page"}],"author":[{"embeddable":true,"href":"https:\/\/keliaukregione.lt\/index.php?rest_route=\/wp\/v2\/users\/1"}],"replies":[{"embeddable":true,"href":"https:\/\/keliaukregione.lt\/index.php?rest_route=%2Fwp%2Fv2%2Fcomments&post=5888"}],"version-history":[{"count":40,"href":"https:\/\/keliaukregione.lt\/index.php?rest_route=\/wp\/v2\/pages\/5888\/revisions"}],"predecessor-version":[{"id":8203,"href":"https:\/\/keliaukregione.lt\/index.php?rest_route=\/wp\/v2\/pages\/5888\/revisions\/8203"}],"wp:attachment":[{"href":"https:\/\/keliaukregione.lt\/index.php?rest_route=%2Fwp%2Fv2%2Fmedia&parent=5888"}],"curies":[{"name":"wp","href":"https:\/\/api.w.org\/{rel}","templated":true}]}}